{"id":1080,"date":"2019-12-10T09:54:43","date_gmt":"2019-12-10T12:54:43","guid":{"rendered":"https:\/\/isfd14-nqn.infd.edu.ar\/sitio\/?page_id=1080"},"modified":"2024-10-07T14:53:11","modified_gmt":"2024-10-07T17:53:11","slug":"novedades-actividades-circulares-convocatorias","status":"publish","type":"page","link":"https:\/\/isfd14-nqn.infd.edu.ar\/sitio\/novedades-actividades-circulares-convocatorias\/","title":{"rendered":"NOVEDADES, ACTIVIDADES, CIRCULARES, CONVOCATORIAS"},"content":{"rendered":"\n<div class=\"wp-block-cover is-light\" style=\"min-height:91px\"><span aria-hidden=\"true\" class=\"wp-block-cover__background has-background-dim-100 has-background-dim\" style=\"background-color:#5f83d8\"><\/span><div class=\"wp-block-cover__inner-container\">\n<p class=\"has-text-align-center has-base-3-color has-text-color has-medium-font-size\">NOVEDADES, ACTIVIDADES, CIRCULARES, CONVOCATORIAS<\/p>\n<\/div><\/div>\n\n\n<p><strong>INFORMACI\u00d3N IMPORTANTE:<\/strong><\/p>\n<ol>\n<li>Se extiende el plazo para la presentaci\u00f3n de nuevos\u00a0 proyectos de investigaci\u00f3n, <strong>hasta el 24 de abril del corriente a\u00f1o<\/strong>, seg\u00fan informaci\u00f3n recibida por el Referente de Extensi\u00f3n e Investigaci\u00f3n del CPE.<\/li>\n<li>Se ha dispuesto otorgar puntaje a los\/as\u00a0 integrantes de los proyectos de investigaci\u00f3n, que sean externos a los IFD y a las Escuelas Superiores de Modalidad Art\u00edstica.<\/li>\n<li>A partir de la vigencia de la resoluci\u00f3n 1135\/2019, se insta a los IFD para que gestionen y extiendan Certificaci\u00f3n Educativa Digital para aquellas instancias de investigaci\u00f3n y extensi\u00f3n que as\u00ed lo requieran.<\/li>\n<li>En los siguientes v\u00ednculos podr\u00e1n consultar los detalles sobre los aspectos se\u00f1alados anteriormente:\u00a0<strong><a href=\"https:\/\/isfd14-nqn.infd.edu.ar\/sitio\/wp-content\/uploads\/2020\/03\/Informaci\u00f3n-vinculada-a-extensi\u00f3n-e-investigaci\u00f3n.pdf\">Informaci\u00f3n vinculada a extensi\u00f3n e investigaci\u00f3n<\/a>\u00a0<\/strong>y\u00a0<strong><a href=\"https:\/\/isfd14-nqn.infd.edu.ar\/sitio\/wp-content\/uploads\/2020\/03\/r_1135_19-Certificaci\u00f3n-con-C\u00f3digo-QR.pdf\">r_1135_19 Certificaci\u00f3n con C\u00f3digo QR<\/a><\/strong><\/li>\n<\/ol>","protected":false},"excerpt":{"rendered":"<p>INFORMACI\u00d3N IMPORTANTE: Se extiende el plazo para la presentaci\u00f3n de nuevos\u00a0 proyectos de investigaci\u00f3n, hasta el 24 de abril del corriente a\u00f1o, seg\u00fan informaci\u00f3n recibida por el Referente de Extensi\u00f3n e Investigaci\u00f3n del CPE. Se ha dispuesto otorgar puntaje a los\/as\u00a0 integrantes de los proyectos de investigaci\u00f3n, que sean externos a los IFD y a &#8230; <a title=\"NOVEDADES, ACTIVIDADES, CIRCULARES, CONVOCATORIAS\" class=\"read-more\" href=\"https:\/\/isfd14-nqn.infd.edu.ar\/sitio\/novedades-actividades-circulares-convocatorias\/\" aria-label=\"More on NOVEDADES, ACTIVIDADES, CIRCULARES, CONVOCATORIAS\">[+]<\/a><\/p>\n","protected":false},"author":612,"featured_media":0,"parent":0,"menu_order":0,"comment_status":"closed","ping_status":"closed","template":"","meta":[],"acf":[],"_links":{"self":[{"href":"https:\/\/isfd14-nqn.infd.edu.ar\/sitio\/wp-json\/wp\/v2\/pages\/1080"}],"collection":[{"href":"https:\/\/isfd14-nqn.infd.edu.ar\/sitio\/wp-json\/wp\/v2\/pages"}],"about":[{"href":"https:\/\/isfd14-nqn.infd.edu.ar\/sitio\/wp-json\/wp\/v2\/types\/page"}],"author":[{"embeddable":true,"href":"https:\/\/isfd14-nqn.infd.edu.ar\/sitio\/wp-json\/wp\/v2\/users\/612"}],"replies":[{"embeddable":true,"href":"https:\/\/isfd14-nqn.infd.edu.ar\/sitio\/wp-json\/wp\/v2\/comments?post=1080"}],"version-history":[{"count":6,"href":"https:\/\/isfd14-nqn.infd.edu.ar\/sitio\/wp-json\/wp\/v2\/pages\/1080\/revisions"}],"predecessor-version":[{"id":4209,"href":"https:\/\/isfd14-nqn.infd.edu.ar\/sitio\/wp-json\/wp\/v2\/pages\/1080\/revisions\/4209"}],"wp:attachment":[{"href":"https:\/\/isfd14-nqn.infd.edu.ar\/sitio\/wp-json\/wp\/v2\/media?parent=1080"}],"curies":[{"name":"wp","href":"https:\/\/api.w.org\/{rel}","templated":true}]}}