{"id":3398,"date":"2024-09-21T21:57:32","date_gmt":"2024-09-22T00:57:32","guid":{"rendered":"https:\/\/isfd14-nqn.infd.edu.ar\/sitio\/?page_id=3398"},"modified":"2026-04-03T12:31:48","modified_gmt":"2026-04-03T15:31:48","slug":"docentes-2","status":"publish","type":"page","link":"https:\/\/isfd14-nqn.infd.edu.ar\/sitio\/docentes-2\/","title":{"rendered":"INFORMACI\u00d3N ACAD\u00c9MICA"},"content":{"rendered":"\n<div class=\"wp-block-cover alignwide is-light\" style=\"min-height:91px\"><span aria-hidden=\"true\" class=\"wp-block-cover__background has-background-dim-100 has-background-dim\" style=\"background-color:#5f83d8\"><\/span><div class=\"wp-block-cover__inner-container\">\n<p class=\"has-text-align-center has-base-3-color has-text-color has-large-font-size\"><strong>INFORMACI\u00d3N ACAD\u00c9MICA<\/strong> <strong>DOCENTES<\/strong><\/p>\n<\/div><\/div>\n\n\n\n<hr class=\"wp-block-separator has-text-color has-accent-color has-alpha-channel-opacity has-accent-background-color has-background\"\/>\n\n\n\n<div class=\"wp-block-columns is-layout-flex wp-container-2\">\n<div class=\"wp-block-column has-accent-color has-text-color has-large-font-size is-layout-flow\">\n<p class=\"has-text-align-center\"><img decoding=\"async\" loading=\"lazy\" width=\"118\" height=\"120\" class=\"wp-image-10953\" style=\"width: 70px;\" src=\"https:\/\/isfd14-nqn.infd.edu.ar\/sitio\/wp-content\/uploads\/2026\/03\/DuracionMat.png\" alt=\"\"> <strong>Calendario Acad\u00e9mico<\/strong><\/p>\n<\/div>\n<\/div>\n\n\n<p><!-- ABRIL --><\/p>\n<details style=\"margin-bottom: 10px;\">\n<summary style=\"background: #5f83d8; color: white; padding: 10px; cursor: pointer; border-radius: 5px;\">Abril<\/summary>\n<div style=\"overflow-x: auto; margin-top: 5px;\">\n<table style=\"width: 100%; min-width: 500px; border-collapse: collapse; text-align: center; font-size: 14px;\">\n<tbody>\n<tr style=\"background: #5f83d8; color: white;\">\n<th>Lunes<\/th>\n<th>Martes<\/th>\n<th>Mi\u00e9rcoles<\/th>\n<th>Jueves<\/th>\n<th>Viernes<\/th>\n<\/tr>\n<tr>\n<td>\u00a0<\/td>\n<td>\u00a0<\/td>\n<td>1<\/td>\n<td style=\"background: #cfe7ff;\"><strong>2\u00a0<br \/>-Veteranos de Malvinas<br \/>-Jueves Santo<\/strong><\/td>\n<td style=\"background: #cfe7ff;\"><strong>3<br \/>Viernes Santo<\/strong><\/td>\n<\/tr>\n<tr>\n<td>6<\/td>\n<td>7<\/td>\n<td>8<\/td>\n<td>9<\/td>\n<td>10<\/td>\n<\/tr>\n<tr>\n<td>13<\/td>\n<td style=\"background: #cfe7ff;\"><strong>14<br \/>Jornada Institucional<\/strong><\/td>\n<td>15<\/td>\n<td>16<\/td>\n<td style=\"background: #cfe7ff;\"><strong>17\u00a0<br \/>D\u00eda del Profesor Neuquino<\/strong><\/td>\n<\/tr>\n<tr>\n<td style=\"background: #cfe7ff;\"><strong>20<br \/>Jornada Curricular<\/strong><\/td>\n<td>21<\/td>\n<td>22<\/td>\n<td>23<\/td>\n<td style=\"background: #cfe7ff;\"><strong>24<br \/>-Aniversario IFD<br \/>-Acto de Colaci\u00f3n<\/strong><\/td>\n<\/tr>\n<tr>\n<td>27<\/td>\n<td>28<\/td>\n<td>29<\/td>\n<td>30<\/td>\n<td>\u00a0<\/td>\n<\/tr>\n<\/tbody>\n<\/table>\n<\/div>\n<\/details>\n\n\n<hr class=\"wp-block-separator has-text-color has-accent-color has-alpha-channel-opacity has-accent-background-color has-background\"\/>\n\n\n\n<div style=\"height:19px\" aria-hidden=\"true\" class=\"wp-block-spacer\"><\/div>\n\n\n<p><!-- MARZO --><\/p>\n<details style=\"margin-bottom: 10px;\">\n<summary style=\"background: #5f83d8; color: white; padding: 10px; cursor: pointer; border-radius: 5px;\">Marzo<\/summary>\n<div style=\"overflow-x: auto; margin-top: 5px;\">\n<table style=\"width: 100%; min-width: 500px; border-collapse: collapse; text-align: center; font-size: 14px;\">\n<tbody>\n<tr style=\"background: #5f83d8; color: white;\">\n<th>Lunes<\/th>\n<th>Martes<\/th>\n<th>Mi\u00e9rcoles<\/th>\n<th>Jueves<\/th>\n<th>Vienes<\/th>\n<\/tr>\n<tr>\n<td>\u00a0<\/td>\n<td>\u00a0<\/td>\n<td>1<\/td>\n<td>2<\/td>\n<td>3<\/td>\n<\/tr>\n<tr>\n<td>6<\/td>\n<td>7<\/td>\n<td>8<\/td>\n<td>9<\/td>\n<td style=\"background: #cfe7ff;\"><strong>10<br \/>Mesas de Examen 7\u00b0 Llamado<\/strong><\/td>\n<\/tr>\n<tr>\n<td style=\"background: #cfe7ff;\"><strong>13<br \/>Mesas de Examen<\/strong><\/td>\n<td>14<\/td>\n<td>15<\/td>\n<td style=\"background: #cfe7ff;\">\n<p><strong><br \/>16\u00a0<br \/>Cuso de Ingreso<\/strong><\/p>\n<\/td>\n<td style=\"background: #cfe7ff;\"><strong>17\u00a0<br \/>Cuso de Ingreso<\/strong><\/td>\n<\/tr>\n<tr>\n<td style=\"background: #cfe7ff;\"><strong>18\u00a0<br \/>Curso de Ingreso<\/strong><\/td>\n<td style=\"background: #cfe7ff;\"><strong>19\u00a0<br \/>Jornada Institucional<\/strong><\/td>\n<td style=\"background: #cfe7ff;\"><strong>20\u00a0<br \/>Actividad Reflexiva<br \/>50 A\u00f1os de la Dictadura Argentina<\/strong><\/td>\n<td>23<\/td>\n<td>24<\/td>\n<\/tr>\n<tr>\n<td style=\"background: #cfe7ff;\"><strong>25<br \/>Inicia 1er. Cuatrimestre<\/strong><\/td>\n<td>26<\/td>\n<td style=\"background: #cfe7ff;\"><strong>27<br \/>Jornada Curricular<\/strong><\/td>\n<td>28<\/td>\n<td>29<\/td>\n<\/tr>\n<tr>\n<td>30<\/td>\n<td>31<\/td>\n<td>\u00a0<\/td>\n<td>\u00a0<\/td>\n<td>\u00a0<\/td>\n<\/tr>\n<\/tbody>\n<\/table>\n<\/div>\n<\/details>\n\n\n<p class=\"has-medium-font-size\"><\/p>\n\n\n\n<hr class=\"wp-block-separator has-text-color has-accent-color has-alpha-channel-opacity has-accent-background-color has-background is-style-dots\"\/>\n\n\n\n<div class=\"wp-block-columns is-layout-flex wp-container-4\">\n<div class=\"wp-block-column is-layout-flow\">\n<p class=\"has-text-align-center has-accent-color has-text-color has-large-font-size\"><img decoding=\"async\" loading=\"lazy\" width=\"512\" height=\"512\" class=\"wp-image-11372\" style=\"width: 70px;\" src=\"https:\/\/isfd14-nqn.infd.edu.ar\/sitio\/wp-content\/uploads\/2026\/03\/maletin.png\" alt=\"\" srcset=\"https:\/\/isfd14-nqn.infd.edu.ar\/sitio\/wp-content\/uploads\/2026\/03\/maletin.png 512w, https:\/\/isfd14-nqn.infd.edu.ar\/sitio\/wp-content\/uploads\/2026\/03\/maletin-500x500.png 500w\" sizes=\"(max-width: 512px) 100vw, 512px\" \/><strong>JORNADAS INSTITUCIONALES:<\/strong> PERIODO 2026<\/p>\n<\/div>\n<\/div>\n\n\n\n<hr class=\"wp-block-separator has-text-color has-accent-color has-alpha-channel-opacity has-accent-background-color has-background\"\/>\n\n\n<table style=\"width: 100%; border-collapse: collapse; font-size: 14px;\">\n<tbody>\n<tr style=\"background-color: #5f83d8; color: white;\">\n<td style=\"padding: 12px;\"><b>Mes<\/b><\/td>\n<td style=\"padding: 12px;\"><b>Fecha<\/b><\/td>\n<td style=\"padding: 12px;\"><b>D\u00eda<\/b><\/td>\n<\/tr>\n<tr>\n<td style=\"padding: 10px;\"><b>Marzo<\/b><\/td>\n<td style=\"padding: 10px;\">19\/03\/2026<\/td>\n<td style=\"padding: 10px;\">Jueves<\/td>\n<\/tr>\n<tr style=\"background-color: #eef2fc;\">\n<td style=\"padding: 10px;\"><b>Abril<\/b><\/td>\n<td style=\"padding: 10px;\">14\/04\/2026<\/td>\n<td style=\"padding: 10px;\">Martes<\/td>\n<\/tr>\n<tr>\n<td style=\"padding: 10px;\"><b>Mayo<\/b><\/td>\n<td style=\"padding: 10px;\">13\/05\/2026<\/td>\n<td style=\"padding: 10px;\">Mi\u00e9rcoles<\/td>\n<\/tr>\n<tr style=\"background-color: #eef2fc;\">\n<td style=\"padding: 10px;\"><b>Junio<\/b><\/td>\n<td style=\"padding: 10px;\">25\/06\/2026<\/td>\n<td style=\"padding: 10px;\">Jueves<\/td>\n<\/tr>\n<tr>\n<td style=\"padding: 10px;\"><b>Agosto<\/b><\/td>\n<td style=\"padding: 10px;\">12\/08\/2026<\/td>\n<td style=\"padding: 10px;\">Mi\u00e9rcoles<\/td>\n<\/tr>\n<tr style=\"background-color: #eef2fc;\">\n<td style=\"padding: 10px;\"><b>Septiembre<\/b><\/td>\n<td style=\"padding: 10px;\">17\/09\/2026<\/td>\n<td style=\"padding: 10px;\">Jueves<\/td>\n<\/tr>\n<tr>\n<td style=\"padding: 10px;\"><b>Octubre<\/b><\/td>\n<td style=\"padding: 10px;\">20\/10\/2026<\/td>\n<td style=\"padding: 10px;\">Martes<\/td>\n<\/tr>\n<tr style=\"background-color: #eef2fc;\">\n<td style=\"padding: 10px;\"><b>Noviembre<\/b><\/td>\n<td style=\"padding: 10px;\">25\/11\/2026<\/td>\n<td style=\"padding: 10px;\">Mi\u00e9rcoles<\/td>\n<\/tr>\n<\/tbody>\n<\/table>\n\n\n<div style=\"height:34px\" aria-hidden=\"true\" class=\"wp-block-spacer\"><\/div>\n\n\n\n<div class=\"wp-block-columns is-layout-flex wp-container-6\">\n<div class=\"wp-block-column is-layout-flow\">\n<p class=\"has-text-align-center has-accent-color has-text-color has-large-font-size\"><img decoding=\"async\" loading=\"lazy\" width=\"512\" height=\"512\" class=\"wp-image-11793\" style=\"width: 70px;\" src=\"https:\/\/isfd14-nqn.infd.edu.ar\/sitio\/wp-content\/uploads\/2026\/03\/comite.png\" alt=\"\" srcset=\"https:\/\/isfd14-nqn.infd.edu.ar\/sitio\/wp-content\/uploads\/2026\/03\/comite.png 512w, https:\/\/isfd14-nqn.infd.edu.ar\/sitio\/wp-content\/uploads\/2026\/03\/comite-500x500.png 500w\" sizes=\"(max-width: 512px) 100vw, 512px\" \/><strong>JORNADAS CURRICULARES:<\/strong> PERIODO 2026<\/p>\n<\/div>\n<\/div>\n\n\n\n<hr class=\"wp-block-separator has-text-color has-accent-color has-alpha-channel-opacity has-accent-background-color has-background\"\/>\n\n\n<table style=\"width: 100%; border-collapse: collapse; font-size: 14px;\">\n<tbody>\n<tr style=\"background-color: #5f83d8; color: white;\">\n<td style=\"padding: 12px;\"><b>Mes<\/b><\/td>\n<td style=\"padding: 12px;\"><b>Fecha<\/b><\/td>\n<td style=\"padding: 12px;\"><b>D\u00eda<\/b><\/td>\n<\/tr>\n<tr>\n<td style=\"padding: 10px;\"><b>Marzo<\/b><\/td>\n<td style=\"padding: 10px;\"><del>27\/03\/2026<\/del><\/td>\n<td style=\"padding: 10px;\">Viernes<\/td>\n<\/tr>\n<tr style=\"background-color: #eef2fc;\">\n<td style=\"padding: 10px;\"><b>Abril<\/b><\/td>\n<td style=\"padding: 10px;\">20\/04\/2026<\/td>\n<td style=\"padding: 10px;\">Lunes<\/td>\n<\/tr>\n<tr>\n<td style=\"padding: 10px;\"><b>Mayo<\/b><\/td>\n<td style=\"padding: 10px;\">28\/05\/2026<\/td>\n<td style=\"padding: 10px;\">Jueves<\/td>\n<\/tr>\n<tr style=\"background-color: #eef2fc;\">\n<td style=\"padding: 10px;\"><b>Junio<\/b><\/td>\n<td style=\"padding: 10px;\">29\/06\/2026<\/td>\n<td style=\"padding: 10px;\">Lunes<\/td>\n<\/tr>\n<\/tbody>\n<\/table>\n\n\n<div style=\"height:39px\" aria-hidden=\"true\" class=\"wp-block-spacer\"><\/div>\n\n\n\n<div class=\"wp-block-columns is-layout-flex wp-container-8\">\n<div class=\"wp-block-column has-accent-color has-text-color has-large-font-size is-layout-flow\">\n<p class=\"has-text-align-center\"><img decoding=\"async\" loading=\"lazy\" width=\"512\" height=\"512\" class=\"wp-image-11375\" style=\"width: 70px;\" src=\"https:\/\/isfd14-nqn.infd.edu.ar\/sitio\/wp-content\/uploads\/2026\/03\/descanso-1.png\" alt=\"\" srcset=\"https:\/\/isfd14-nqn.infd.edu.ar\/sitio\/wp-content\/uploads\/2026\/03\/descanso-1.png 512w, https:\/\/isfd14-nqn.infd.edu.ar\/sitio\/wp-content\/uploads\/2026\/03\/descanso-1-500x500.png 500w\" sizes=\"(max-width: 512px) 100vw, 512px\" \/><strong>Receso Invernal<\/strong> <strong>2026<\/strong><\/p>\n<\/div>\n<\/div>\n\n\n\n<hr class=\"wp-block-separator has-text-color has-accent-color has-alpha-channel-opacity has-accent-background-color has-background\"\/>\n\n\n<table style=\"width: 100%; border-collapse: collapse; font-size: 14px;\">\n<tbody>\n<tr style=\"background-color: #5f83d8; color: white;\">\n<td style=\"padding: 12px;\"><b>Receso invernal<\/b><\/td>\n<td style=\"padding: 12px;\"><b>Fecha<\/b><\/td>\n<\/tr>\n<tr>\n<td style=\"padding: 10px;\">Per\u00edodo de receso institucional<\/td>\n<td style=\"padding: 10px;\"><b>13\/07 al 24\/07<\/b><\/td>\n<\/tr>\n<\/tbody>\n<\/table>\n\n\n<div style=\"height:41px\" aria-hidden=\"true\" class=\"wp-block-spacer\"><\/div>\n\n\n\n<div class=\"wp-block-columns is-layout-flex wp-container-10\">\n<div class=\"wp-block-column has-accent-color has-text-color has-large-font-size is-layout-flow\">\n<p class=\"has-text-align-center\"><img decoding=\"async\" loading=\"lazy\" width=\"512\" height=\"512\" class=\"wp-image-11380\" style=\"width: 70px;\" src=\"https:\/\/isfd14-nqn.infd.edu.ar\/sitio\/wp-content\/uploads\/2026\/03\/maletin-1.png\" alt=\"\" srcset=\"https:\/\/isfd14-nqn.infd.edu.ar\/sitio\/wp-content\/uploads\/2026\/03\/maletin-1.png 512w, https:\/\/isfd14-nqn.infd.edu.ar\/sitio\/wp-content\/uploads\/2026\/03\/maletin-1-500x500.png 500w\" sizes=\"(max-width: 512px) 100vw, 512px\" \/><strong>Feriados Nacionales (Ley 27399\/17)<\/strong>:<br>(Inamovibles y trasladables)<\/p>\n<\/div>\n<\/div>\n\n\n\n<hr class=\"wp-block-separator has-text-color has-accent-color has-alpha-channel-opacity has-accent-background-color has-background\"\/>\n\n\n<p><!-- FEBRERO --><\/p>\n<p><!-- MARZO --><\/p>\n<p><!-- ABRIL --><\/p>\n<p><!-- MAYO --><\/p>\n<p><!-- JUNIO --><\/p>\n<p><!-- JULIO --><\/p>\n<p><!-- AGOSTO --><\/p>\n<p><!-- OCTUBRE --><\/p>\n<p><!-- NOVIEMBRE --><\/p>\n<p><!-- DICIEMBRE --><\/p>\n<p><\/p>\n<table style=\"width: 100%; border-collapse: collapse; font-size: 14px;\">\n<tbody>\n<tr style=\"background-color: #5f83d8; color: white;\">\n<td style=\"padding: 12px;\"><b>Actividad<\/b><\/td>\n<td style=\"padding: 12px;\"><b>Fecha<\/b><\/td>\n<td style=\"padding: 12px;\"><b>D\u00eda<\/b><\/td>\n<\/tr>\n<tr style=\"background-color: #dbe4fb;\">\n<td style=\"padding: 10px;\" colspan=\"3\"><b>Febrero<\/b><\/td>\n<\/tr>\n<tr>\n<td style=\"padding: 10px;\">Carnaval (feriado inamovible)<\/td>\n<td style=\"padding: 10px;\">16 y 17 de febrero<\/td>\n<td style=\"padding: 10px;\">Lunes y martes<\/td>\n<\/tr>\n<tr style=\"background-color: #dbe4fb;\">\n<td style=\"padding: 10px;\" colspan=\"3\"><b>Marzo<\/b><\/td>\n<\/tr>\n<tr style=\"background-color: #eef2fc;\">\n<td style=\"padding: 10px;\">D\u00eda no laborable con fines tur\u00edsticos<\/td>\n<td style=\"padding: 10px;\">23 de marzo<\/td>\n<td style=\"padding: 10px;\">Lunes<\/td>\n<\/tr>\n<tr>\n<td style=\"padding: 10px;\">D\u00eda Nacional de la Memoria por la Verdad y la Justicia (feriado inamovible)<\/td>\n<td style=\"padding: 10px;\">24 de marzo<\/td>\n<td style=\"padding: 10px;\">Martes<\/td>\n<\/tr>\n<tr style=\"background-color: #dbe4fb;\">\n<td style=\"padding: 10px;\" colspan=\"3\"><b>Abril<\/b><\/td>\n<\/tr>\n<tr style=\"background-color: #eef2fc;\">\n<td style=\"padding: 10px;\">D\u00eda del Veterano y de los Ca\u00eddos en Malvinas (feriado inamovible) y tambi\u00e9n coincide con jueves santo ( d\u00eda no laborable)<\/td>\n<td style=\"padding: 10px;\">02 de abril<\/td>\n<td style=\"padding: 10px;\">Jueves<\/td>\n<\/tr>\n<tr>\n<td style=\"padding: 10px;\">Viernes Santo (feriado inamovible)<\/td>\n<td style=\"padding: 10px;\">03 de abril<\/td>\n<td style=\"padding: 10px;\">Viernes<\/td>\n<\/tr>\n<tr style=\"background-color: #dbe4fb;\">\n<td style=\"padding: 10px;\" colspan=\"3\"><b>Mayo<\/b><\/td>\n<\/tr>\n<tr style=\"background-color: #eef2fc;\">\n<td style=\"padding: 10px;\">D\u00eda del Trabajador (feriado inamovible)<\/td>\n<td style=\"padding: 10px;\">01 de mayo<\/td>\n<td style=\"padding: 10px;\">Viernes<\/td>\n<\/tr>\n<tr>\n<td style=\"padding: 10px;\">D\u00eda de la Revoluci\u00f3n de Mayo (feriado inamovible)<\/td>\n<td style=\"padding: 10px;\">25 de mayo<\/td>\n<td style=\"padding: 10px;\">Lunes<\/td>\n<\/tr>\n<tr style=\"background-color: #dbe4fb;\">\n<td style=\"padding: 10px;\" colspan=\"3\"><b>Junio<\/b><\/td>\n<\/tr>\n<tr style=\"background-color: #eef2fc;\">\n<td style=\"padding: 10px;\">\n<p>-Paso a la inmortalidad del Gral. Don Mart\u00edn Miguel de Guemes (la fecha se conmemora el 17,&nbsp; feriado trasladable)<\/p>\n<p>-Paso a la Inmortalidad del Gral. Manuel Belgrano (feriado inamovible)<\/p>\n<\/td>\n<td style=\"padding: 10px;\">\n<p>-15 de junio<\/p>\n<p>-20 de junio<\/p>\n<\/td>\n<td style=\"padding: 10px;\">\n<p>-Lunes<\/p>\n<p>-S\u00e1bado<\/p>\n<\/td>\n<\/tr>\n<tr style=\"background-color: #dbe4fb;\">\n<td style=\"padding: 10px;\" colspan=\"3\"><b>Julio<\/b><\/td>\n<\/tr>\n<tr style=\"background-color: #eef2fc;\">\n<td style=\"padding: 10px;\">D\u00eda de la Independencia (feriado inamovible)<\/td>\n<td style=\"padding: 10px;\">09 de julio<\/td>\n<td style=\"padding: 10px;\">Jueves<\/td>\n<\/tr>\n<tr>\n<td style=\"padding: 10px;\">D\u00eda no laborable con fines tur\u00edsticos<\/td>\n<td style=\"padding: 10px;\">10 de julio<\/td>\n<td style=\"padding: 10px;\">Viernes<\/td>\n<\/tr>\n<tr style=\"background-color: #dbe4fb;\">\n<td style=\"padding: 10px;\" colspan=\"3\"><b>Agosto<\/b><\/td>\n<\/tr>\n<tr style=\"background-color: #eef2fc;\">\n<td style=\"padding: 10px;\">Paso a la Inmortalidad del Gral. San Mart\u00edn (feriado trasladable)<\/td>\n<td style=\"padding: 10px;\">17 de agosto<\/td>\n<td style=\"padding: 10px;\">Lunes<\/td>\n<\/tr>\n<tr style=\"background-color: #dbe4fb;\">\n<td style=\"padding: 10px;\" colspan=\"3\"><b>Octubre<\/b><\/td>\n<\/tr>\n<tr style=\"background-color: #eef2fc;\">\n<td style=\"padding: 10px;\">D\u00eda del Respeto a la Diversidad Cultural (feriado trasladable)<\/td>\n<td style=\"padding: 10px;\">12 de octubre<\/td>\n<td style=\"padding: 10px;\">Lunes<\/td>\n<\/tr>\n<tr style=\"background-color: #dbe4fb;\">\n<td style=\"padding: 10px;\" colspan=\"3\"><b>Noviembre<\/b><\/td>\n<\/tr>\n<tr style=\"background-color: #eef2fc;\">\n<td style=\"padding: 10px;\">D\u00eda de la Soberan\u00eda Nacional (feriado trasladable) es el 20 de noviembre<\/td>\n<td style=\"padding: 10px;\">23 de noviembre<\/td>\n<td style=\"padding: 10px;\">Lunes<\/td>\n<\/tr>\n<tr style=\"background-color: #dbe4fb;\">\n<td style=\"padding: 10px;\" colspan=\"3\"><b>Diciembre<\/b><\/td>\n<\/tr>\n<tr style=\"background-color: #eef2fc;\">\n<td style=\"padding: 10px;\">D\u00eda no laborable con fines tur\u00edsticos<\/td>\n<td style=\"padding: 10px;\">07 de diciembre<\/td>\n<td style=\"padding: 10px;\">Lunes<\/td>\n<\/tr>\n<tr>\n<td style=\"padding: 10px;\">Inmaculada Concepci\u00f3n de Mar\u00eda (feriado inamovible)<\/td>\n<td style=\"padding: 10px;\">08 de diciembre<\/td>\n<td style=\"padding: 10px;\">Martes<\/td>\n<\/tr>\n<\/tbody>\n<\/table>\n\n\n<hr class=\"wp-block-separator has-text-color has-accent-color has-alpha-channel-opacity has-accent-background-color has-background is-style-dots\"\/>\n\n\n\n<p><\/p>\n\n\n\n<div class=\"wp-block-columns is-layout-flex wp-container-12\">\n<div class=\"wp-block-column has-accent-color has-text-color has-large-font-size is-layout-flow\">\n<p class=\"has-text-align-center\"><img decoding=\"async\" loading=\"lazy\" width=\"512\" height=\"512\" class=\"wp-image-11370\" style=\"width: 70px;\" src=\"https:\/\/isfd14-nqn.infd.edu.ar\/sitio\/wp-content\/uploads\/2026\/03\/fiesta.png\" alt=\"\" srcset=\"https:\/\/isfd14-nqn.infd.edu.ar\/sitio\/wp-content\/uploads\/2026\/03\/fiesta.png 512w, https:\/\/isfd14-nqn.infd.edu.ar\/sitio\/wp-content\/uploads\/2026\/03\/fiesta-500x500.png 500w\" sizes=\"(max-width: 512px) 100vw, 512px\" \/><strong>Aniversarios<\/strong><\/p>\n<\/div>\n<\/div>\n\n\n\n<hr class=\"wp-block-separator has-text-color has-accent-color has-alpha-channel-opacity has-accent-background-color has-background\"\/>\n\n\n<table style=\"width: 100%; border-collapse: collapse; font-size: 14px;\">\n<tbody>\n<tr style=\"background-color: #5f83d8; color: white;\">\n<td style=\"padding: 12px;\"><b>Evento<\/b><\/td>\n<td style=\"padding: 12px;\"><b>Fecha<\/b><\/td>\n<\/tr>\n<tr>\n<td style=\"padding: 10px;\">Instituto de Formaci\u00f3n Docente N\u00b0 14 (1989)<\/td>\n<td style=\"padding: 10px;\"><b>24 de abril<\/b><\/td>\n<\/tr>\n<tr style=\"background-color: #eef2fc;\">\n<td style=\"padding: 10px;\">Aniversario de la localidad de Plaza Huincul (1966)<\/td>\n<td style=\"padding: 10px;\"><b>23&nbsp; y&nbsp; 24 de abril<\/b><\/td>\n<\/tr>\n<tr>\n<td style=\"padding: 10px;\">Aniversario de la localidad de Cutral-C\u00f3 (1933)<\/td>\n<td style=\"padding: 10px;\"><b>22 de octubre<\/b><\/td>\n<\/tr>\n<\/tbody>\n<\/table>\n\n\n<div style=\"height:29px\" aria-hidden=\"true\" class=\"wp-block-spacer\"><\/div>\n\n\n\n<div class=\"wp-block-columns is-layout-flex wp-container-14\">\n<div class=\"wp-block-column has-accent-color has-text-color has-large-font-size is-layout-flow\">\n<p class=\"has-text-align-center\"><img decoding=\"async\" loading=\"lazy\" width=\"512\" height=\"512\" class=\"wp-image-11961\" style=\"width: 70px;\" src=\"https:\/\/isfd14-nqn.infd.edu.ar\/sitio\/wp-content\/uploads\/2026\/03\/fiesta-1.png\" alt=\"\" srcset=\"https:\/\/isfd14-nqn.infd.edu.ar\/sitio\/wp-content\/uploads\/2026\/03\/fiesta-1.png 512w, https:\/\/isfd14-nqn.infd.edu.ar\/sitio\/wp-content\/uploads\/2026\/03\/fiesta-1-500x500.png 500w\" sizes=\"(max-width: 512px) 100vw, 512px\" \/><strong>Otras Celebraciones<\/strong><\/p>\n<\/div>\n<\/div>\n\n\n\n<hr class=\"wp-block-separator has-text-color has-accent-color has-alpha-channel-opacity has-accent-background-color has-background\"\/>\n\n\n<table style=\"border-collapse: collapse; width: 100%; margin: 25px 0; background: #ffffff; border-radius: 6px; overflow: hidden; box-shadow: 0 2px 5px rgba(0,0,0,0.08);\">\n<tbody>\n<tr style=\"background: #5f83d8; color: white;\">\n<th style=\"padding: 12px; text-align: left;\">Evento<\/th>\n<th style=\"padding: 12px;\">Fecha<\/th>\n<\/tr>\n<tr>\n<td style=\"padding: 12px; border-top: 1px solid #e5e5e5;\">D\u00eda del profesor\/a neuquino (Ley 1876 y Decreto 5164\/1990)<\/td>\n<td style=\"padding: 12px; border-top: 1px solid #e5e5e5;\"><b>17 de abril<\/b><\/td>\n<\/tr>\n<tr style=\"background: #f2f8fc;\">\n<td style=\"padding: 12px; border-top: 1px solid #e5e5e5;\">D\u00eda del secretario\/a<\/td>\n<td style=\"padding: 12px; border-top: 1px solid #e5e5e5;\"><b>4 de septiembre<\/b><\/td>\n<\/tr>\n<tr>\n<td style=\"padding: 12px; border-top: 1px solid #e5e5e5;\">\n<p>D\u00eda del auxiliar de servicio<\/p>\n<p>D\u00eda del maestro<\/p>\n<\/td>\n<td style=\"padding: 12px; border-top: 1px solid #e5e5e5;\">\n<p><b>10 de septiembre<\/b><\/p>\n<p><b>11 de septiembre<\/b><\/p>\n<\/td>\n<\/tr>\n<tr style=\"background: #f2f8fc;\">\n<td style=\"padding: 12px; border-top: 1px solid #e5e5e5;\">D\u00eda del bibliotecario\/a<\/td>\n<td style=\"padding: 12px; border-top: 1px solid #e5e5e5;\"><b>13 de septiembre<\/b><\/td>\n<\/tr>\n<tr>\n<td style=\"padding: 12px; border-top: 1px solid #e5e5e5;\">D\u00eda del profesor\/a<\/td>\n<td style=\"padding: 12px; border-top: 1px solid #e5e5e5;\"><b>17 de septiembre<\/b><\/td>\n<\/tr>\n<tr style=\"background: #f2f8fc;\">\n<td style=\"padding: 12px; border-top: 1px solid #e5e5e5;\">D\u00eda del preceptor\/a<\/td>\n<td style=\"padding: 12px; border-top: 1px solid #e5e5e5;\"><b>19 de septiembre<\/b><\/td>\n<\/tr>\n<tr>\n<td style=\"padding: 12px; border-top: 1px solid #e5e5e5;\">D\u00eda del estudiante<\/td>\n<td style=\"padding: 12px; border-top: 1px solid #e5e5e5;\"><b>21 de septiembre<\/b><\/td>\n<\/tr>\n<tr style=\"background: #f2f8fc;\">\n<td style=\"padding: 12px; border-top: 1px solid #e5e5e5;\">D\u00eda del director\/a<\/td>\n<td style=\"padding: 12px; border-top: 1px solid #e5e5e5;\"><b>28 de septiembre<\/b><\/td>\n<\/tr>\n<tr>\n<td style=\"padding: 12px; border-top: 1px solid #e5e5e5;\">D\u00eda del inform\u00e1tico<\/td>\n<td style=\"padding: 12px; border-top: 1px solid #e5e5e5;\"><b>11 de diciembre<\/b><\/td>\n<\/tr>\n<\/tbody>\n<\/table>","protected":false},"excerpt":{"rendered":"<p>Calendario Acad\u00e9mico Abril Lunes Martes Mi\u00e9rcoles Jueves Viernes \u00a0 \u00a0 1 2\u00a0-Veteranos de Malvinas-Jueves Santo 3Viernes Santo 6 7 8 9 10 13 14Jornada Institucional 15 16 17\u00a0D\u00eda del Profesor Neuquino 20Jornada Curricular 21 22 23 24-Aniversario IFD-Acto de Colaci\u00f3n 27 28 29 30 \u00a0 Marzo Lunes Martes Mi\u00e9rcoles Jueves Vienes \u00a0 \u00a0 1 2 &#8230; <a title=\"INFORMACI\u00d3N ACAD\u00c9MICA\" class=\"read-more\" href=\"https:\/\/isfd14-nqn.infd.edu.ar\/sitio\/docentes-2\/\" aria-label=\"More on INFORMACI\u00d3N ACAD\u00c9MICA\">[+]<\/a><\/p>\n","protected":false},"author":1183,"featured_media":0,"parent":0,"menu_order":0,"comment_status":"closed","ping_status":"closed","template":"","meta":[],"acf":[],"_links":{"self":[{"href":"https:\/\/isfd14-nqn.infd.edu.ar\/sitio\/wp-json\/wp\/v2\/pages\/3398"}],"collection":[{"href":"https:\/\/isfd14-nqn.infd.edu.ar\/sitio\/wp-json\/wp\/v2\/pages"}],"about":[{"href":"https:\/\/isfd14-nqn.infd.edu.ar\/sitio\/wp-json\/wp\/v2\/types\/page"}],"author":[{"embeddable":true,"href":"https:\/\/isfd14-nqn.infd.edu.ar\/sitio\/wp-json\/wp\/v2\/users\/1183"}],"replies":[{"embeddable":true,"href":"https:\/\/isfd14-nqn.infd.edu.ar\/sitio\/wp-json\/wp\/v2\/comments?post=3398"}],"version-history":[{"count":156,"href":"https:\/\/isfd14-nqn.infd.edu.ar\/sitio\/wp-json\/wp\/v2\/pages\/3398\/revisions"}],"predecessor-version":[{"id":12420,"href":"https:\/\/isfd14-nqn.infd.edu.ar\/sitio\/wp-json\/wp\/v2\/pages\/3398\/revisions\/12420"}],"wp:attachment":[{"href":"https:\/\/isfd14-nqn.infd.edu.ar\/sitio\/wp-json\/wp\/v2\/media?parent=3398"}],"curies":[{"name":"wp","href":"https:\/\/api.w.org\/{rel}","templated":true}]}}