{"id":851,"date":"2018-08-31T13:43:35","date_gmt":"2018-08-31T16:43:35","guid":{"rendered":"https:\/\/isfd14-nqn.infd.edu.ar\/sitio\/profesorado-en-geografia\/"},"modified":"2026-04-12T19:15:53","modified_gmt":"2026-04-12T22:15:53","slug":"profesorado-en-geografia","status":"publish","type":"page","link":"https:\/\/isfd14-nqn.infd.edu.ar\/sitio\/profesorado-en-geografia\/","title":{"rendered":"PROFESORADO EN GEOGRAF\u00cdA"},"content":{"rendered":"\n<div class=\"wp-block-cover alignwide is-light\" style=\"min-height:91px\"><span aria-hidden=\"true\" class=\"wp-block-cover__background has-background-dim-100 has-background-dim\" style=\"background-color:#5f83d8\"><\/span><div class=\"wp-block-cover__inner-container\">\n<p class=\"has-text-align-center has-base-3-color has-text-color has-large-font-size\"><strong>PROFESORADO EN GEOGRAF\u00cdA<\/strong>   <\/p>\n<\/div><\/div>\n\n\n\n<hr class=\"wp-block-separator has-text-color has-accent-color has-alpha-channel-opacity has-accent-background-color has-background is-style-wide\"\/>\n\n\n<div style=\"background: #ffffff; border-left: 5px solid #fb730b; border-radius: 6px; padding: 18px; margin: 25px 0; line-height: 1.7; font-size: 15px;\">\n<p style=\"margin: 0;\">El profesorado de Geograf\u00eda brinda s\u00f3lida formaci\u00f3n en problem\u00e1ticas relacionadas con la sociedad, la naturaleza y el espacio geogr\u00e1fico, como as\u00ed tambi\u00e9n en m\u00e9todos y procedimientos de la investigaci\u00f3n geogr\u00e1fica. A trav\u00e9s de las principales corrientes del pensamiento geogr\u00e1fico, podr\u00e1 \u2013como docente\u2013 emplear cr\u00edticamente los contenidos de la disciplina y comprender su inserci\u00f3n en el contexto de las Ciencias Sociales. Adem\u00e1s, lo formar\u00e1 en competencias pedag\u00f3gico-did\u00e1cticas para dise\u00f1ar, ejecutar y evaluar procesos de ense\u00f1anza-aprendizaje sobre la base de un conocimiento actualizado en el \u00e1mbito de la Geograf\u00eda y la investigaci\u00f3n educativa.<\/p>\n<\/div>\n\n\n<div style=\"height:18px\" aria-hidden=\"true\" class=\"wp-block-spacer\"><\/div>\n\n\n\n<div class=\"wp-block-cover alignwide is-light has-custom-content-position is-position-top-left\" style=\"min-height:60px\"><span aria-hidden=\"true\" class=\"wp-block-cover__background has-background-dim-100 has-background-dim\" style=\"background-color:#5f83d8\"><\/span><div class=\"wp-block-cover__inner-container\">\n<p class=\"has-text-align-left has-base-3-color has-text-color has-medium-font-size\"><strong>INFORMACI\u00d3N GENERAL<\/strong><\/p>\n<\/div><\/div>\n\n\n<div style=\"background: #ffffff; border: 1px solid #dbe5f1; border-top: 6px solid #5f83d8; border-radius: 8px; padding: 22px; margin: 25px 0; font-size: 15px; line-height: 1.7;\">\n<p><!-- DENOMINACI\u00d3N --><\/p>\n<div style=\"margin-bottom: 20px; padding-bottom: 10px; border-bottom: 1px solid #e5e5e5;\"><strong style=\"font-size: 16px;\">DENOMINACI\u00d3N DE LA CARRERA<\/strong><br \/>Profesorado de Educaci\u00f3n Secundaria en Geograf\u00eda<\/div>\n<p><!-- GRID --><\/p>\n<div style=\"display: flex; flex-wrap: wrap; gap: 25px;\">\n<p><!-- COLUMNA IZQUIERDA --><\/p>\n<div style=\"flex: 1; min-width: 260px;\">\n<div style=\"padding-bottom: 12px; margin-bottom: 12px; border-bottom: 1px solid #f0f0f0;\"><img decoding=\"async\" loading=\"lazy\" class=\"alignnone wp-image-10946 \" src=\"https:\/\/isfd14-nqn.infd.edu.ar\/sitio\/wp-content\/uploads\/2026\/03\/geografiaWeb-500x500.png\" alt=\"\" width=\"54\" height=\"54\" srcset=\"https:\/\/isfd14-nqn.infd.edu.ar\/sitio\/wp-content\/uploads\/2026\/03\/geografiaWeb-500x500.png 500w, https:\/\/isfd14-nqn.infd.edu.ar\/sitio\/wp-content\/uploads\/2026\/03\/geografiaWeb.png 512w\" sizes=\"(max-width: 54px) 100vw, 54px\" \/><strong>Plan de Estudio: <\/strong>N\u00b0 578<br \/>Resoluci\u00f3n N\u00b0 0135<br \/>Expediente 5721-007452\/2014<\/div>\n<div style=\"padding-bottom: 12px; margin-bottom: 12px; border-bottom: 1px solid #f0f0f0;\"><img decoding=\"async\" class=\"\" style=\"width: 36px; vertical-align: middle; margin-right: 6px;\" src=\"https:\/\/isfd14-nqn.infd.edu.ar\/sitio\/wp-content\/uploads\/2026\/03\/calendario-2.png\" height=\"36\" \/> <strong>Duraci\u00f3n:<\/strong> 4 a\u00f1os<br \/><strong>Carga Horaria:<\/strong><br \/>4160 hs c\u00e1tedra<br \/>2774 hs reloj<\/div>\n<div><img decoding=\"async\" class=\"\" style=\"width: 36px; vertical-align: middle; margin-right: 6px;\" src=\"https:\/\/isfd14-nqn.infd.edu.ar\/sitio\/wp-content\/uploads\/2026\/03\/ensenanzas.png\" height=\"36\" \/> <strong>Modalidad de Cursado:<br \/><\/strong> Presencial<\/div>\n<\/div>\n<p><!-- COLUMNA DERECHA --><\/p>\n<div style=\"flex: 1; min-width: 260px;\">\n<div style=\"padding-bottom: 12px; margin-bottom: 12px; border-bottom: 1px solid #f0f0f0;\"><img decoding=\"async\" class=\"\" style=\"width: 36px; vertical-align: middle; margin-right: 6px;\" src=\"https:\/\/isfd14-nqn.infd.edu.ar\/sitio\/wp-content\/uploads\/2026\/03\/calendario-mensual.png\" height=\"36\" \/><strong> D\u00edas de<\/strong> <strong>Cursado:<\/strong><br \/>Lunes a Viernes<\/div>\n<div style=\"padding-bottom: 12px; margin-bottom: 12px; border-bottom: 1px solid #f0f0f0;\"><img decoding=\"async\" class=\"\" style=\"width: 36px; vertical-align: middle; margin-right: 6px;\" src=\"https:\/\/isfd14-nqn.infd.edu.ar\/sitio\/wp-content\/uploads\/2026\/03\/turnos-de-trabajo.png\" height=\"36\" \/><strong>Turno:\u00a0 Vespertino<br \/><\/strong>De 18:30 a 23:30 hs<\/div>\n<div style=\"margin-top: 10px; padding-top: 12px; border-top: 2px solid #5f83d8;\"><strong style=\"font-size: 16px;\"><strong><img decoding=\"async\" loading=\"lazy\" class=\"wp-image-11071\" src=\"https:\/\/isfd14-nqn.infd.edu.ar\/sitio\/wp-content\/uploads\/2026\/03\/diploma-de-graduacion.png\" alt=\"\" width=\"36\" height=\"36\" srcset=\"https:\/\/isfd14-nqn.infd.edu.ar\/sitio\/wp-content\/uploads\/2026\/03\/diploma-de-graduacion.png 512w, https:\/\/isfd14-nqn.infd.edu.ar\/sitio\/wp-content\/uploads\/2026\/03\/diploma-de-graduacion-500x500.png 500w\" sizes=\"(max-width: 36px) 100vw, 36px\" \/><\/strong> T\u00edtulo a otorgar:<\/strong><br \/>Profesor\/a de Educaci\u00f3n Secundaria en Geograf\u00eda<\/div>\n<\/div>\n<\/div>\n<\/div>\n\n\n<div style=\"height:16px\" aria-hidden=\"true\" class=\"wp-block-spacer\"><\/div>\n\n\n\n<div class=\"wp-block-cover alignwide is-light has-custom-content-position is-position-top-left\" style=\"min-height:91px\"><span aria-hidden=\"true\" class=\"wp-block-cover__background has-background-dim-100 has-background-dim\" style=\"background-color:#5f83d8\"><\/span><div class=\"wp-block-cover__inner-container\">\n<p class=\"has-text-align-center has-base-3-color has-text-color has-medium-font-size\"><strong>ESTRUCTURA CURRICULAR   <\/strong><\/p>\n<\/div><\/div>\n\n\n\n<div class=\"wp-block-columns is-layout-flex wp-container-7\">\n<div class=\"wp-block-column is-layout-flow\">\n<div class=\"wp-block-cover\" style=\"min-height:108px\"><span aria-hidden=\"true\" class=\"wp-block-cover__background has-base-background-color has-background-dim-100 has-background-dim\"><\/span><div class=\"wp-block-cover__inner-container\">\n<p class=\"has-text-align-center has-contrast-color has-text-color has-medium-font-size\"><img decoding=\"async\" loading=\"lazy\" width=\"512\" height=\"512\" class=\"wp-image-11074\" style=\"width: 70px;\" src=\"https:\/\/isfd14-nqn.infd.edu.ar\/sitio\/wp-content\/uploads\/2026\/03\/material-didactico.png\" alt=\"\" srcset=\"https:\/\/isfd14-nqn.infd.edu.ar\/sitio\/wp-content\/uploads\/2026\/03\/material-didactico.png 512w, https:\/\/isfd14-nqn.infd.edu.ar\/sitio\/wp-content\/uploads\/2026\/03\/material-didactico-500x500.png 500w\" sizes=\"(max-width: 512px) 100vw, 512px\" \/><\/p>\n\n\n\n<div class=\"wp-block-buttons has-custom-font-size has-medium-font-size is-content-justification-center is-layout-flex wp-container-1\">\n<div class=\"wp-block-button\"><a class=\"wp-block-button__link has-accent-background-color has-background wp-element-button\" href=\"https:\/\/isfd14-nqn.infd.edu.ar\/sitio\/wp-content\/uploads\/2025\/03\/PlannEstudioGeografia.pdf\" style=\"border-radius:10px\" target=\"_blank\" rel=\"noreferrer noopener\">Plan de estudio<\/a><\/div>\n<\/div>\n<\/div><\/div>\n<\/div>\n\n\n\n<div class=\"wp-block-column is-layout-flow\">\n<div class=\"wp-block-cover\" style=\"min-height:104px\"><span aria-hidden=\"true\" class=\"wp-block-cover__background has-base-background-color has-background-dim-100 has-background-dim\"><\/span><div class=\"wp-block-cover__inner-container\">\n<p class=\"has-text-align-center has-contrast-color has-text-color has-medium-font-size\"><img decoding=\"async\" loading=\"lazy\" width=\"512\" height=\"512\" class=\"wp-image-11076\" style=\"width: 70px;\" src=\"https:\/\/isfd14-nqn.infd.edu.ar\/sitio\/wp-content\/uploads\/2026\/03\/valor.png\" alt=\"\" srcset=\"https:\/\/isfd14-nqn.infd.edu.ar\/sitio\/wp-content\/uploads\/2026\/03\/valor.png 512w, https:\/\/isfd14-nqn.infd.edu.ar\/sitio\/wp-content\/uploads\/2026\/03\/valor-500x500.png 500w\" sizes=\"(max-width: 512px) 100vw, 512px\" \/><\/p>\n\n\n\n<div class=\"wp-block-buttons has-custom-font-size has-medium-font-size is-content-justification-center is-layout-flex wp-container-3\">\n<div class=\"wp-block-button\"><a class=\"wp-block-button__link has-accent-background-color has-background wp-element-button\" href=\"https:\/\/isfd14-nqn.infd.edu.ar\/sitio\/wp-content\/uploads\/2024\/09\/Plan-578-Geografia.pdf\" style=\"border-radius:10px\" target=\"_blank\" rel=\"noreferrer noopener\">Correlativas<\/a><\/div>\n<\/div>\n<\/div><\/div>\n<\/div>\n\n\n\n<div class=\"wp-block-column is-layout-flow\">\n<div class=\"wp-block-cover\" style=\"min-height:104px\"><span aria-hidden=\"true\" class=\"wp-block-cover__background has-base-background-color has-background-dim-100 has-background-dim\"><\/span><div class=\"wp-block-cover__inner-container\">\n<p class=\"has-text-align-center has-contrast-color has-text-color has-medium-font-size\"><img decoding=\"async\" loading=\"lazy\" width=\"512\" height=\"512\" class=\"wp-image-11077\" style=\"width: 70px;\" src=\"https:\/\/isfd14-nqn.infd.edu.ar\/sitio\/wp-content\/uploads\/2026\/03\/sistema-de-archivos.png\" alt=\"\" srcset=\"https:\/\/isfd14-nqn.infd.edu.ar\/sitio\/wp-content\/uploads\/2026\/03\/sistema-de-archivos.png 512w, https:\/\/isfd14-nqn.infd.edu.ar\/sitio\/wp-content\/uploads\/2026\/03\/sistema-de-archivos-500x500.png 500w\" sizes=\"(max-width: 512px) 100vw, 512px\" \/><\/p>\n\n\n\n<div class=\"wp-block-buttons has-custom-font-size has-medium-font-size is-content-justification-center is-layout-flex wp-container-5\">\n<div class=\"wp-block-button\"><a class=\"wp-block-button__link has-accent-background-color has-background wp-element-button\" href=\"https:\/\/isfd14-nqn.infd.edu.ar\/sitio\/wp-content\/uploads\/2025\/07\/MapaCurricularGeografia.pdf\" style=\"border-radius:10px\" target=\"_blank\" rel=\"noreferrer noopener\">Mapa curricular<\/a><\/div>\n<\/div>\n<\/div><\/div>\n<\/div>\n<\/div>\n\n\n\n<div style=\"height:28px\" aria-hidden=\"true\" class=\"wp-block-spacer\"><\/div>\n\n\n\n<div style=\"height:19px\" aria-hidden=\"true\" class=\"wp-block-spacer\"><\/div>\n\n\n\n<p class=\"has-text-align-center has-large-font-size\"><img decoding=\"async\" loading=\"lazy\" width=\"512\" height=\"512\" class=\"wp-image-11264\" style=\"width: 50px;\" src=\"https:\/\/isfd14-nqn.infd.edu.ar\/sitio\/wp-content\/uploads\/2026\/03\/pregunta.png\" alt=\"\" srcset=\"https:\/\/isfd14-nqn.infd.edu.ar\/sitio\/wp-content\/uploads\/2026\/03\/pregunta.png 512w, https:\/\/isfd14-nqn.infd.edu.ar\/sitio\/wp-content\/uploads\/2026\/03\/pregunta-500x500.png 500w\" sizes=\"(max-width: 512px) 100vw, 512px\" \/><strong>\u00bfC\u00f3mo Inscribirme?<\/strong><\/p>\n\n\n<div class=\"wp-block-image\">\n<figure class=\"aligncenter size-full\"><img decoding=\"async\" loading=\"lazy\" width=\"50\" height=\"50\" src=\"https:\/\/isfd14-nqn.infd.edu.ar\/sitio\/wp-content\/uploads\/2025\/08\/icons8-chevron-abajo-50-1.png\" alt=\"\" class=\"wp-image-9246\"\/><\/figure><\/div>\n\n\n<div class=\"wp-block-columns has-medium-font-size is-layout-flex wp-container-10\">\n<div class=\"wp-block-column is-vertically-aligned-center is-layout-flow\">\n<div class=\"wp-block-buttons has-custom-font-size has-large-font-size is-content-justification-center is-nowrap is-layout-flex wp-container-8\">\n<div class=\"wp-block-button has-custom-width wp-block-button__width-50 has-custom-font-size is-style-fill has-medium-font-size\"><a class=\"wp-block-button__link has-contrast-color has-base-background-color has-text-color has-background wp-element-button\" href=\"https:\/\/isfd14-nqn.infd.edu.ar\/sitio\/inscripciones-modalidad-on-line\/\" style=\"border-radius:10px\" target=\"_blank\" rel=\"noreferrer noopener\"><img decoding=\"async\" loading=\"lazy\" width=\"344\" height=\"308\" class=\"wp-image-10683\" style=\"width: 80px;\" src=\"https:\/\/isfd14-nqn.infd.edu.ar\/sitio\/wp-content\/uploads\/2026\/02\/onlineboton.png\" alt=\"\"><br><img decoding=\"async\" loading=\"lazy\" width=\"48\" height=\"48\" class=\"wp-image-8780\" style=\"width: 30px;\" src=\"https:\/\/isfd14-nqn.infd.edu.ar\/sitio\/wp-content\/uploads\/2025\/08\/icons8-mano-48.png\" alt=\"\"><strong>MODALIDAD ONLINE    <\/strong>  <\/a><\/div>\n\n\n\n<div class=\"wp-block-button has-custom-width wp-block-button__width-50 has-custom-font-size is-style-fill has-medium-font-size\"><a class=\"wp-block-button__link has-contrast-color has-base-background-color has-text-color has-background wp-element-button\" href=\"https:\/\/isfd14-nqn.infd.edu.ar\/sitio\/bedelia\/\" style=\"border-radius:10px\" target=\"_blank\" rel=\"noreferrer noopener\"><img decoding=\"async\" loading=\"lazy\" width=\"404\" height=\"333\" class=\"wp-image-10684\" style=\"width: 80px;\" src=\"https:\/\/isfd14-nqn.infd.edu.ar\/sitio\/wp-content\/uploads\/2026\/02\/presencialboton.png\" alt=\"\"><br><img decoding=\"async\" loading=\"lazy\" width=\"48\" height=\"48\" class=\"wp-image-8780\" style=\"width: 30px;\" src=\"https:\/\/isfd14-nqn.infd.edu.ar\/sitio\/wp-content\/uploads\/2025\/08\/icons8-mano-48.png\" alt=\"\"><strong>MODALIDAD  PRESENCIAL<\/strong><\/a><\/div>\n<\/div>\n<\/div>\n<\/div>\n\n\n\n<div style=\"height:37px\" aria-hidden=\"true\" class=\"wp-block-spacer\"><\/div>\n\n\n\n<div class=\"wp-block-cover alignwide is-light\" style=\"min-height:91px\"><span aria-hidden=\"true\" class=\"wp-block-cover__background has-background-dim-100 has-background-dim\" style=\"background-color:#5f83d8\"><\/span><div class=\"wp-block-cover__inner-container\">\n<p class=\"has-text-align-left has-base-3-color has-text-color has-medium-font-size\"><strong>PERFIL PROFESIONAL<\/strong><\/p>\n<\/div><\/div>\n\n\n\n<p class=\"has-medium-font-size\">El profesor de geograf\u00eda para nivel medio estar\u00e1 capacitado para:<\/p>\n\n\n\n<ul>\n<li class=\"has-medium-font-size\">Desempe\u00f1arse como docente en Establecimientos Educativos de nivel medio en \u00e1reas de las Ciencias Sociales.<\/li>\n\n\n\n<li class=\"has-medium-font-size\">Participar del Sistema Educativo en general.<\/li>\n\n\n\n<li class=\"has-medium-font-size\">Dise\u00f1ar propuestas de ense\u00f1anza acordes a los grupos de adolescentes con los cuales trabaje.<\/li>\n\n\n\n<li class=\"has-medium-font-size\">Reflexionar sobre su pr\u00e1ctica diaria con fundamentos que posibiliten el desarrollo de sujetos cr\u00edticos y creativos.<\/li>\n\n\n\n<li class=\"has-medium-font-size\">Comprender e intervenir en la realidad socio cultural, dando respuesta a las necesidades de formaci\u00f3n de ciudadanos cr\u00edticos y participativos.<\/li>\n\n\n\n<li class=\"has-medium-font-size\">Continuar sus estudios de manera permanente. <\/li>\n<\/ul>\n\n\n\n<div style=\"height:20px\" aria-hidden=\"true\" class=\"wp-block-spacer\"><\/div>\n\n\n\n<div style=\"height:34px\" aria-hidden=\"true\" class=\"wp-block-spacer\"><\/div>\n\n\n\n<div class=\"wp-block-columns is-layout-flex wp-container-13\">\n<div class=\"wp-block-column is-layout-flow\" style=\"flex-basis:66.66%\"><\/div>\n\n\n\n<div class=\"wp-block-column is-layout-flow\" style=\"flex-basis:33.33%\"><div class=\"wp-block-image\">\n<figure class=\"alignright size-full\"><a href=\"https:\/\/isfd14-nqn.infd.edu.ar\/sitio\/\"><img decoding=\"async\" loading=\"lazy\" width=\"67\" height=\"67\" src=\"https:\/\/isfd14-nqn.infd.edu.ar\/sitio\/wp-content\/uploads\/2025\/08\/icons8-arriba-67.png\" alt=\"\" class=\"wp-image-8966\"\/><\/a><\/figure><\/div><\/div>\n<\/div>\n","protected":false},"excerpt":{"rendered":"<p>El profesorado de Geograf\u00eda brinda s\u00f3lida formaci\u00f3n en problem\u00e1ticas relacionadas con la sociedad, la naturaleza y el espacio geogr\u00e1fico, como as\u00ed tambi\u00e9n en m\u00e9todos y procedimientos de la investigaci\u00f3n geogr\u00e1fica. A trav\u00e9s de las principales corrientes del pensamiento geogr\u00e1fico, podr\u00e1 \u2013como docente\u2013 emplear cr\u00edticamente los contenidos de la disciplina y comprender su inserci\u00f3n en el &#8230; <a title=\"PROFESORADO EN GEOGRAF\u00cdA\" class=\"read-more\" href=\"https:\/\/isfd14-nqn.infd.edu.ar\/sitio\/profesorado-en-geografia\/\" aria-label=\"More on PROFESORADO EN GEOGRAF\u00cdA\">[+]<\/a><\/p>\n","protected":false},"author":403,"featured_media":0,"parent":0,"menu_order":0,"comment_status":"closed","ping_status":"closed","template":"","meta":[],"acf":[],"_links":{"self":[{"href":"https:\/\/isfd14-nqn.infd.edu.ar\/sitio\/wp-json\/wp\/v2\/pages\/851"}],"collection":[{"href":"https:\/\/isfd14-nqn.infd.edu.ar\/sitio\/wp-json\/wp\/v2\/pages"}],"about":[{"href":"https:\/\/isfd14-nqn.infd.edu.ar\/sitio\/wp-json\/wp\/v2\/types\/page"}],"author":[{"embeddable":true,"href":"https:\/\/isfd14-nqn.infd.edu.ar\/sitio\/wp-json\/wp\/v2\/users\/403"}],"replies":[{"embeddable":true,"href":"https:\/\/isfd14-nqn.infd.edu.ar\/sitio\/wp-json\/wp\/v2\/comments?post=851"}],"version-history":[{"count":70,"href":"https:\/\/isfd14-nqn.infd.edu.ar\/sitio\/wp-json\/wp\/v2\/pages\/851\/revisions"}],"predecessor-version":[{"id":12498,"href":"https:\/\/isfd14-nqn.infd.edu.ar\/sitio\/wp-json\/wp\/v2\/pages\/851\/revisions\/12498"}],"wp:attachment":[{"href":"https:\/\/isfd14-nqn.infd.edu.ar\/sitio\/wp-json\/wp\/v2\/media?parent=851"}],"curies":[{"name":"wp","href":"https:\/\/api.w.org\/{rel}","templated":true}]}}